80, 2*y + 314 = 4*w. Is w a prime number?
True
Suppose 8 = g - 0. Suppose g*r = 13*r - 1490. Is r composite?
True
Let o(k) = -10 - 6 + 4*k - 5*k - k. Let a be o(-10). Suppose -a*g + 520 = 3*d, -g + d = 3*d - 135. Is g composite?
False
Let t be (-34)/(-1)*14/(-14). Let s = 30 + t. Is (-66 + 4)*46/s a prime number?
False
Suppose 318*r - 321*r + 3378 = 0. Is r composite?
True
Suppose -5*r - 5*y = -10180, -3*y + 2*y = 5. Is r composite?
True
Let a(o) = o**3 - 8*o**2 - 4*o + 11. Let b be a(9). Let l = -22 - b. Let u = l + 269. Is u a prime number?
True
Let i be (3 + -755)*(3 + -52). Is i/40 - 1/5 a prime number?
False
Suppose b = -2*b + 17382. Is b composite?
True
Suppose 5*g = 12 - 2. Let v be (-3 - -4) + g/(-2). Suppose v = -6*b + b + 635. Is b composite?
False
Let a = 4542 - 1615. Is a prime?
True
Let k(m) = m**3 - 13*m**2 + 2*m - 97. Is k(22) prime?
False
Suppose 4*f + 10*o - 14 = 9*o, 3*f = 4*o + 1. Suppose 0 = -c - f*h + 410, 3*h + h = 4*c - 1688. Is c a prime number?
True
Suppose -99*z + 447575 = -94*z. Is z a composite number?
True
Let s = -8 + -125. Let a = s + 291. Is a composite?
True
Let k = -48452 - -78970. Is k composite?
True
Suppose -993577 = -18*i + 678893. Is i composite?
True
Let j(p) = -5*p**3 + 22*p**2 - 18*p - 13. Let f(n) = -n**3 + n. Let s(l) = -4*f(l) + j(l). Is s(18) composite?
False
Suppose 3*d + 5*s = 43203, -6*s = -3*d - 10*s + 43203. Is d a composite number?
False
Suppose -18*v - 12436 = -22*v. Is v composite?
False
Let b = 782 - 451. Is b a composite number?
False
Is (-11)/(-13) + -1 + 1157893/143 a composite number?
True
Suppose 5*i - 8 = 42. Let g(c) = -c**2 - 14*c - 14. Let t(f) = -7*f - 7. Let u(n) = -2*g(n) + 5*t(n). Is u(i) a prime number?
False
Let b(j) = 9*j + 14. Let a be b(12). Suppose -3*c + r = -127, 0*c + 2*r = 3*c - a. Suppose -2*s + 30 = -c. Is s a composite number?
False
Let q = 19 + -16. Suppose q*l = -6*l + 7101. Is l a composite number?
True
Let p(u) = 347*u**2 + 30*u + 3. Is p(-4) composite?
True
Suppose 3056 = -s + 10123. Is s prime?
False
Let b(h) = -381*h + 223. Is b(-8) a prime number?
True
Suppose -452*a + 59067 = -443*a. Is a prime?
True
Suppose 25*n = 246920 + 232355. Is n prime?
False
Let f(x) = -x**3 + 2*x**2 - 1. Let h = 5 + -6. Let t be f(h). Suppose t*q - 7 = 3*c - 280, 0 = q. Is c prime?
False
Suppose 2647 = q - 5*a, 3*a = -4*q + 8*q - 10571. Is q a composite number?
True
Let u = 6385 + -3544. Is u a prime number?
False
Let f(r) be the second derivative of 4*r**3/3 + 2*r**2 + 5*r. Let g be f(5). Is 4105/11 - 8/g a prime number?
True
Is ((-530)/4)/5*352/(-16) a composite number?
True
Suppose 442 - 1701 = -5*r + 2*y, -4*y = 8. Is r composite?
False
Suppose 0*u + 204 = 3*u. Suppose 20*z = -368 - 372. Let m = u + z. Is m a composite number?
False
Suppose 3*r - 3*y - 1021 = -2*y, 0 = 4*r - 2*y - 1364. Is r a prime number?
False
Suppose 2*g - h = 3027, 885 = g - 5*h - 651. Is g a prime number?
True
Let h = 4 - 2. Is h/4 + 4/(8/1173) prime?
True
Let x = 6941 + 6178. Is x composite?
True
Let i(w) = w**3 - 2*w**2 - 5*w + 10. Let g be i(3). Is 965/((3 - -1)/g) a prime number?
False
Is (66/44)/((-6)/(-5588)) a composite number?
True
Let d be 666 + ((-8)/(-2))/1. Let p = 1409 - d. Is p composite?
False
Suppose -14*y + 49111 + 41651 = 0. Is y a composite number?
True
Suppose -3*h + 2 = 8. Is h*3/(-18)*639 prime?
False
Suppose 4*h = 16, -4*o + 18*h + 30832 = 15*h. Is o a prime number?
False
Let t(o) = 7*o - 239. Let y be t(34). Let c(l) = -65*l - 294*l - 126*l + 2. Is c(y) a composite number?
False
Suppose -5*b + 4*b + 4*x + 16 = 0, -2*b + 11 = -x. Let c(h) = b*h - 4*h**2 + h**3 + 10*h**2 - 9*h - 9. Is c(-6) composite?
True
Suppose 0*h - 4 = 4*n - 2*h, 0 = h - 4. Let s be -12942 - 2 - (n + -5). Is s/(-25) - 3/5 composite?
True
Let k = 14617 - -3712. Is k a prime number?
True
Let g(q) = -79*q**2 - 3*q + 2. Let y be g(1). Let a be (y/30)/((-2)/(-9)). Is (-2670)/(-14) + a/(-42) prime?
True
Suppose 5*v + 49895 = 5*r - 0*r, -3*r + 29933 = -4*v. Is r a composite number?
True
Is 1/6 + 36539582/852 prime?
False
Suppose 0 = -22*h + 23*h - 1975. Let c = -1098 + h. Is c a prime number?
True
Let r(m) = 108*m - 37. Is r(10) composite?
True
Let z(u) = 1631*u + 358. Is z(23) prime?
True
Let y(b) = 447*b**2 - 3*b - 1. Let l(r) = r**2 - 8*r - 1. Let c be l(8). Is y(c) composite?
False
Let z(k) = -14 + 4 + 72*k + 4. Let f be z(6). Let w = f - 271. Is w a prime number?
False
Suppose q - 5*q + 8 = 0. Suppose 5*v - 24 = 4*o - 2*o, -4*o = 2*v. Suppose -v*h + 628 = 2*n, -q*n = -3*h + 163 + 294. Is h a prime number?
False
Is (9 - (-164452)/(-8))/(1/(-2)) prime?
False
Is (0 - (-3273 - 0))*7/7 a prime number?
False
Suppose 6*w - w = 10. Suppose -2*i - 4 = -4*i + 2*s, w*s = 4. Suppose 0 = -i*g - 5*b + 14, -4*g + 5*b + 13 + 21 = 0. Is g prime?
False
Suppose 0*o + o + 2*c + 88 = 0, 0 = -2*o + c - 171. Let s be -2 + (-2 + 93)*-7. Let l = o - s. Is l a composite number?
True
Suppose 2*g + 2*p + 234833 = 7*g, 2*g - 5*p - 93929 = 0. Is g a prime number?
False
Suppose -b - 4*b + 10 = 0. Suppose -2*l = -5*v + 184, 20 + 65 = b*v + 3*l. Is v a prime number?
False
Is (3230 - 3) + 0 + -4 a prime number?
False
Is (254/3 + 0)*210/28 a prime number?
False
Let c(m) = 14*m**2 - 28*m + 151. Is c(21) a composite number?
False
Suppose -5*z - 26 = t - 6, 0 = 3*z + 3*t. Let j be (-1)/(-2 - z/3). Is ((-14)/j)/(8/(-132)) a composite number?
True
Let j = 26 - 27. Is j/(-2 + (-2490)/(-1246)) a prime number?
False
Suppose -2 = u, 4*n - 26 = 3*u + 8. Suppose -3*z = -5*y + 11399, 4*y = n*z - 3*z + 9116. Is y composite?
False
Let y(t) = t**2 + 8*t - 32. Let g be y(-11). Is g + -1 + (3 - (7 - 941)) a composite number?
False
Let t(b) = -4*b**2 - 7*b - 45. Let a(z) = z**2 + 2*z + 11. Let c(j) = 9*a(j) + 2*t(j). Let m be (-2 - (-13)/4)/((-1)/8). Is c(m) a prime number?
False
Suppose -r - 237 = -4814. Is r a composite number?
True
Let m(d) = -13*d**2 - 2*d + 16381. Is m(0) a composite number?
False
Let q(x) = 48*x - 17. Let w(o) = 3*o - 2*o + 0*o. Let i(n) = -q(n) - 4*w(n). Is i(-6) prime?
False
Let z be (0 + 3)/((-24)/(-16)). Let p be ((-2)/4)/(2/(-28)). Suppose -p*k + z*k + 1195 = 0. Is k composite?
False
Let u(c) = -c**2 + 3*c - 3. Let z be u(2). Let r(g) = g**2 + g. Let f be r(z). Suppose 5*t - 88 = -4*l + 4*t, f = l + 2*t - 29. Is l composite?
True
Let h = 25 - 23. Suppose -h*r = 4*p - 162 - 72, 2*r - 233 = -3*p. Is r a composite number?
True
Suppose x = 2*z + 18359, -x - 34*z + 35*z + 18362 = 0. Is x a composite number?
True
Suppose -2*l = -2796 + 658. Is l a composite number?
False
Let r be -10*((-3)/(-12)*-2 - 0). Suppose r*i - 5*j - 6510 = 0, i + i - 5*j - 2592 = 0. Is i a prime number?
False
Suppose -5*s - 7087 = -3*p, -33*p + s = -32*p - 2361. Is p prime?
False
Suppose 7*u - 5722 = 5*u. Is u a prime number?
True
Let m(r) = -32*r**3 - 7*r**2 + 20*r + 41. Is m(-8) prime?
True
Suppose 0*o = 2*o - 28. Suppose l = o*l - 11947. Is l prime?
True
Let o(m) = -m**3 + 5*m**2 - m + 1. Let p be o(5). Let x(s) = s**3 + 3*s**2 - 7*s - 5. Let b be x(p). Suppose 33 = 2*h - 4*u - b, -19 = -2*h - 3*u. Is h prime?
False
Suppose -5*q = -7*q - 84. Let u be 10/(-4)*q/35. Suppose -3*i = -2*c + 911, 4*c - 1362 = c + u*i. Is c composite?
True
Is 22/176 + 1687029/24 prime?
False
Let o = 17 - 18. Let k(r) = -5*r**3 - r**2 - 2*r - 1. Let g be k(o). Suppose g*d = 4*d + 35. Is d a prime number?
False
Let l = 101690 + -65961. Is l a prime number?
True
Let k(w) be the second derivative of 5*w**4/6 + w**3/6 - 15*w**2 - 29*w. Is k(9) a prime number?
False
Let v = 98 - 37. Let w = -80 + -1. Let q = v - w. Is q prime?
False
Let i(w) = 4*w + 2. Let z be i(1). Let g(h) = -7*h + 7*h - 1 + h**2. Is g(z) composite?
True
Suppose 4*w - 7713 - 1059 = -5*b, 3*b = 0. Let x = w - 1138. Is x composite?
True
Suppose 3*r - 4*n = 29375, 0*r + 3*r + 4*n - 29383 = 0. Is r a prime number?
False
Let y be (-3)/(3 + -2 - 2). Suppose 0 = -h - m + 4, y*m = -2*h + 4*m - 4. Suppose 4*p = -h*p + 76. Is p a composite number?
False
Let j be (87/(-3) - -2)/1. Let l be ((-6)/4)/(j/6624). Suppose 5*m - l = -2*i - i, -i + 126 = m. Is i a prime number?
True
Let b = -1186 + 2657. Is b prime?
True
Let t = -13 + 13. Suppose 13*m - 2185 - 2248 = t. Is m a prime number?
False
Let s = 14 + -9. Suppose -s*y + 10 = -0. S